 b(q). Calculate v(6).
0
Let q(o) = -o**3 - o**2 - 1. Suppose -2*z = -4*j - 3*z - 17, 0 = 2*z + 10. Let a(b) = -b - 3. Let p be a(j). Calculate q(p).
-1
Let g(d) = -2*d - 4. Suppose -3*z - 30 = -2*m - 5, 4*z + 45 = 5*m. Determine g(m).
-14
Let o(v) = 7*v**2 + v - 1. Suppose 3*q - 42 = -3*s + 4*s, -4*s - 3*q - 123 = 0. Let j be (-18)/(-22) - 6/s. Determine o(j).
7
Let f(d) = 0*d**2 - 1 - 6*d**2 - 2*d + d. Calculate f(-1).
-6
Let d = 24 + -7. Suppose -2*u = -u + v + 2, v = 4*u - d. Let p(s) = s**3 - 4*s**2 + 3*s + 1. Calculate p(u).
1
Suppose -2*w = -5*j - 0*w + 36, -5*j + 3*w + 39 = 0. Suppose -2*x - j = -4*x. Let z(u) = -u**2 - u + 2*u**2 - 3*u. Determine z(x).
-3
Let g(h) be the second derivative of -h**4/12 - h**3/6 - h**2/2 - 2*h. Let w be g(-1). Let x(p) = -8*p**3 + p. Determine x(w).
7
Let l(p) = 7*p - 111*p**2 + 0 - 2 + 110*p**2. What is l(3)?
10
Suppose -3 = 3*i - 3*a, 2 = 3*i + 2*a + 5. Let r(x) = 0*x**3 - x**3 + 1 + 2*x**3 - x**2. Calculate r(i).
-1
Let h(j) = j**2 + 8*j + 8. Let u = -11 - -4. Let m be h(u). Let p(k) = -12*k**2. What is p(m)?
-12
Let j = 2 + 0. Suppose -1 - j = m. Let b(t) = -t**2 - 3*t - 3. Determine b(m).
-3
Let x be 32/20*10/4. Suppose -2*z + 2*k - 3*k = 0, -x*k = 0. Let p(u) = -u + z*u + 2*u. Determine p(0).
0
Let w(i) = 7*i**3. Suppose 3*v = 2*d + 3*d - 8, -2*d = -2. Give w(v).
-7
Suppose 4*y - 16 = -4*a, 2*a - 3 = a - 2*y. Suppose d + 4 = a*d. Let k(c) = -c - 2 + 0*c + d + 0. Give k(-2).
1
Let t(r) = -r**2 - 3*r + 3. Suppose 0 = -2*j + j + 2. Determine t(j).
-7
Suppose -j = -5*j - 4*f + 8, 0 = 4*j + f - 17. Let d(p) = -3 - 2*p**2 + 0 - 4*p + 3*p**2. Give d(j).
2
Suppose 0 = 4*k - 2*k + 8, 5*t + k = 16. Suppose q + 2 = t. Let a(i) = 0 + q*i**2 - 4 + 5 - 7*i**2. What is a(-1)?
-4
Let p(m) be the second derivative of -m**5/20 - m**3/6 - m**2 - 3*m. What is p(0)?
-2
Let c(i) be the third derivative of -3*i**6/40 + i**5/30 - i**3/6 - 7*i**2. Calculate c(1).
-8
Suppose -6*y = -y + 25, 20 = 2*i - 2*y. Let a(r) = r**3 - 6*r**2 + 4*r + 5. Determine a(i).
0
Let j(a) be the first derivative of -a**3 - a**2 - a - 17. Calculate j(-1).
-2
Let u(o) = -3*o + 1. Let h(v) = -4*v. Let a(p) = 5*h(p) - 6*u(p). What is a(-4)?
2
Let j(a) be the first derivative of a**5/20 + a**4/3 - a**3/6 - 2*a**2 - 2*a + 3. Let r(i) be the first derivative of j(i). What is r(-4)?
0
Let q(u) = -7*u - 3 + 10*u**2 - 68*u**3 + 67*u**3 - 5. Determine q(9).
10
Let j(x) = x**3 - 5*x**2 + x. Suppose -o - 20 = -5*c, -c + 2*o + 28 = -3*o. Suppose 2*f + 19 = 5*h, h = 2*f - c*f + 8. Give j(h).
5
Let m(h) = -3*h - 1. Let x be m(0). Let g(s) = -5*s**2 - s - 1. Calculate g(x).
-5
Let s(g) = -g**3 - 5*g**2 + 3*g - 6. Suppose 4*r - 2 = -y, 0*y = 2*y - 3*r + 18. Give s(y).
12
Let f be 4/(-10) - (-6)/(-10). Let z = -3 + 5. Let q(x) = x + x - 2*x + 3*x**z - 1. Determine q(f).
2
Let o be (25/(-10))/((-2)/4). Let q(t) = 26*t - 13*t - 15*t + 1. What is q(o)?
-9
Let s(f) = -1 + 25*f**2 + 3 + 4*f - 23*f**2. Give s(-2).
2
Let s(y) be the third derivative of y**4/24 + y**3/3 - 10*y**2. What is s(-6)?
-4
Let u(r) = 3*r - 3*r + 0*r + r. Let b(t) = -t**3 - 6*t**2 - 4*t + 1. Let h be b(-5). What is u(h)?
-4
Let d be (-12)/(-9)*(-9)/2. Let m(u) = 7*u**3 + u**2 + 5*u - 8. Let j(w) = -15*w**3 - w**2 - 10*w + 16. Let v(y) = -6*j(y) - 13*m(y). Calculate v(d).
2
Let p(g) be the third derivative of -g**6/120 + g**5/20 + 5*g**4/24 - g**3/6 - g**2. Let k be (-3 - 1)*(1 - 2). Give p(k).
3
Let j(i) be the second derivative of i**4/12 - 2*i**3/3 + 2*i**2 - 2*i. Let b(n) = n**3 - 2*n**2 + 4. Let g be b(2). Calculate j(g).
4
Let q(g) = 5*g**3 + 6*g**2 + 7. Let n(w) = w**3. Let o(b) = -4*n(b) + q(b). Give o(-6).
7
Let y = 3 + 1. Let r = y + -7. Let p(n) = 5*n**3 + 4*n**2 - 3*n - 6. Let q(z) = 4*z**3 + 3*z**2 - 2*z - 5. Let i(s) = -5*p(s) + 6*q(s). Give i(r).
0
Let f(m) = -m - 9. Suppose 0 = l + 2 - 7. Let s be 6 + 5 + 4/(-4). Suppose -3*a = l + s. What is f(a)?
-4
Let l(j) = -j**3 + 10*j**2 - 10*j + 4. Suppose -25 - 47 = -8*t. Determine l(t).
-5
Let h(z) be the third derivative of -z**5/10 - z**4/24 - z**3/3 + z**2. Let k(y) be the first derivative of h(y). What is k(-1)?
11
Let l(v) = -v**3 - 6*v**2 + 1. Suppose 4*p + 4*n = -28, p + 3*n - 4*n = -5. Let x be l(p). Let m(b) = 4*b**3 - 2*b**2 + 2*b - 1. What is m(x)?
3
Let l(c) = -2*c + 5*c**2 - c - c**2. Let k = -53 - -55. Calculate l(k).
10
Let l(p) = -212 + 212 - p**3 + p**2 + 0*p**3. Determine l(1).
0
Let c(d) = 3*d**2 - d - 9. Let v(z) = -z**2 + z - 1. Let a(t) = -c(t) - 2*v(t). Let m(w) = w**3 - 2*w + 1. Let j be m(1). What is a(j)?
11
Suppose 2*c = -5*j + 10, 5*c + 4 = 3*j + 29. Let s(o) = 2*o - 4*o + 4*o - c + o. Let n(y) = y + 1. Let q be n(3). What is s(q)?
7
Let w(f) = -f**3 - 6*f**2 - 4*f + 6. Suppose 0 = 9*h - 7*h + 6. Let b = -8 - h. Determine w(b).
1
Suppose -2*i = 5*t + 32, t - 2*i + 9 = -5*i. Let p(u) = -u**2 - 8*u - 8. What is p(t)?
4
Let w(v) = -v**3 - 5*v**2 - 5*v - 2. Suppose 22 = -5*z - o, 0 = -3*o - 7 + 1. Determine w(z).
2
Let k(t) = 2*t - 6. Let i = -11 - -31. Suppose 0*x = -3*p - 4*x + 2, -i = -4*p - x. Calculate k(p).
6
Let w(i) be the third derivative of i**5/60 - 5*i**4/24 + i**3/6 + i**2. Suppose 0 = -159*l + 150*l + 54. Give w(l).
7
Let y(p) be the third derivative of p**4/12 - p**3/6 - 15*p**2. What is y(-3)?
-7
Let j(x) = -x**3 + 13*x**2 + 2*x - 18. Let y be j(13). Let d(g) = -3*g + 25. Let c(m) = 2*m - 17. Let i(q) = y*c(q) + 5*d(q). Determine i(0).
-11
Suppose h + 3*h - 2*f = 16, 2*h + 3*f - 24 = 0. Suppose 2*c = -3*i - 7, 0 = -i - c - h + 5. Let o(v) = -v**2 - 5*v - 1. Give o(i).
-1
Let v(t) = -3 + 3*t - 1 + 1 - 2*t. Suppose 3*n + 5*l = 25, 16 = 4*n - 0*l - 2*l. Give v(n).
2
Suppose 4*z = -2*b + 5*z + 11, 5*b + 5*z - 35 = 0. Let w(q) = -5*q - 1. Let s(a) = 12*a + 2. Let t(k) = 2*s(k) + 5*w(k). Give t(b).
-7
Suppose -2*i + 36 = 2*i. Let d(u) = -2*u + 11. Give d(i).
-7
Let l(o) = o. Let q = 0 - -5. Suppose 0 = 2*y - q*f - 7, -6*f = y - 5*f - 7. Let s(p) = 7*p + 1. Let b(t) = y*l(t) - s(t). Determine b(-4).
3
Let c(s) be the third derivative of -s**6/120 + s**5/12 - s**4/8 - s**3/3 - 7*s**2. Determine c(5).
-17
Suppose 4*i + 5*y + 1 = 0, 0*y = -4*i - 3*y + 1. Let n be (-6)/(-2) + -2*i. Let j(l) = -8*l + n + 7*l + 2*l. What is j(-2)?
-1
Suppose -6 = -0*r - 2*r. Let j be (-4)/(-8)*(r - -1). Let i = 7 - j. Let c(f) = -f**3 + 6*f**2 - 3*f - 4. Calculate c(i).
6
Suppose -2*j + 5*r = -34, 0*j + j - 15 = 2*r. Let w be 2/j - 46/14. Let n(o) = -3*o + 0*o + 13 + 2*o - 10. What is n(w)?
6
Let d(s) be the third derivative of -s**6/120 + s**5/12 - s**4/24 - s**3/2 - 20*s**2. What is d(4)?
9
Let o(x) = x**2 + 10*x + 9. Let k be o(-8). Let y(a) = -6*a**2 - 1. Let f(n) = -11*n**2 - 2. Let q(v) = k*y(v) + 4*f(v). Give q(2).
-9
Let x(z) be the third derivative of z**5/60 + z**4/6 - z**3 + 7*z**2. Let o = 9 + -14. Let y = o - 0. Determine x(y).
-1
Suppose 2*r = -3 - 5. Let u(w) = -2*w**2 - 12*w - 3. Let y(j) = -2*j**2 - 11*j - 2. Let v(s) = -6*u(s) + 7*y(s). Calculate v(r).
-8
Let s be (-4)/2 + 4 + (0 - 0). Let k(a) be the first derivative of a**2/2 - 2*a - 2. Calculate k(s).
0
Let j(m) = -2*m + 1. Let y(z) = -z**3 - 3*z**2 + 1. Let d be y(-1). Let b be j(d). Let q(a) be the second derivative of a**3/3 + 3*a**2/2 - 2*a. Calculate q(b).
9
Let t(r) = r**3 + 4*r**2 - 5*r + 3. Let y(p) = 2 - 2 + 1 - 3*p. Let b be y(-4). Suppose 6 = -2*j + w, 4*j + b = 3*w + 5. What is t(j)?
3
Let m(q) be the second derivative of -q**7/2520 - q**6/144 + 7*q**5/120 - 5*q**4/12 - 4*q. Let o(g) be the third derivative of m(g). What is o(-5)?
7
Let p(b) = -15*b - 7*b + 8*b. What is p(1)?
-14
Let w(v) = -v**2 - 7*v + 9. Let h(m) = -8*m**2 + 2*m + 2. Let i be h(-1). Determine w(i).
1
Suppose 0 = u - 2*u - 3*n + 3, -4*n = -5*u - 42. Let f = -31 - -37. Let q(i) = -2 - 3*i**3 + 0*i - 4 + 4*i**3 - f*i + 5*i**2. Calculate q(u).
-6
Let t = -2 - -2. Let k(x) = 7*x**2 - 2*x + t*x**2 + 3*x - 1. Let i(v) = v**2 + 9*v + 1. Let r be i(-9). Calculate k(r).
7
Suppose 2*d + d + 12 = 0. Let w(j) = 6*j**2 + 5. Let b(g) = -g**2 + g. Let h(v) = 5*b(v) + w(v). Calculate h(d).
1
Let g(c) = -20*c + 27*c - 1 + 2 + 0*c**2 - c**2. What is g(7)?
1
Let n(j) = 4*j + 8*j**2 - 2*j**2 - 7*j**2. Suppose -g + 5 = -3*b, 5*g - 18 - 7 = -2*b. Determine n(g).
-5
Let h be ((-12)/(-36))/(1/6).